{"id":27,"date":"2024-04-23T23:09:21","date_gmt":"2024-04-23T23:09:21","guid":{"rendered":"https:\/\/www.fiil.com.tr\/?page_id=27"},"modified":"2024-10-30T14:53:21","modified_gmt":"2024-10-30T14:53:21","slug":"yilin-dugunu","status":"publish","type":"page","link":"https:\/\/www.fiil.com.tr\/index.php\/yilin-dugunu\/","title":{"rendered":"Y\u0131l\u0131n D\u00fc\u011f\u00fcn\u00fc"},"content":{"rendered":"<p>[et_pb_section fb_built=&#8221;1&#8243; _builder_version=&#8221;4.9.3&#8243; _module_preset=&#8221;default&#8221;][et_pb_row _builder_version=&#8221;4.9.3&#8243; _module_preset=&#8221;default&#8221;][et_pb_column type=&#8221;4_4&#8243; _builder_version=&#8221;4.9.3&#8243; _module_preset=&#8221;default&#8221;][et_pb_post_title meta=&#8221;off&#8221; featured_image=&#8221;off&#8221; _builder_version=&#8221;4.9.3&#8243; _module_preset=&#8221;default&#8221; hover_enabled=&#8221;0&#8243; title_text_color=&#8221;#d6001c&#8221; sticky_enabled=&#8221;0&#8243;][\/et_pb_post_title][\/et_pb_column][\/et_pb_row][et_pb_row _builder_version=&#8221;4.9.3&#8243; _module_preset=&#8221;default&#8221; custom_margin=&#8221;-38px|auto||auto||&#8221;][et_pb_column type=&#8221;4_4&#8243; _builder_version=&#8221;4.9.3&#8243; _module_preset=&#8221;default&#8221;][et_pb_text _builder_version=&#8221;4.9.3&#8243; _module_preset=&#8221;default&#8221;]<\/p>\n<p class=\"p1\" style=\"text-align: justify;\">Son y\u0131llar\u0131n en komik oyunu! Kahkaha tufan\u0131na haz\u0131r m\u0131s\u0131n\u0131z?<\/p>\n<p class=\"p1\" style=\"text-align: justify;\">Bir d\u00fc\u011f\u00fcn d\u00fc\u015f\u00fcn\u00fcn ki ba\u015flayam\u0131yor. Bir \u00e7ift d\u00fc\u015f\u00fcn\u00fcn ki bir t\u00fcrl\u00fc mutlulu\u011fa eremiyor.<\/p>\n<p class=\"p1\" style=\"text-align: justify;\">Neler mi var bu d\u00fc\u011f\u00fcnde?<\/p>\n<p class=\"p1\" style=\"text-align: justify;\">Toplumsal yarg\u0131lar, s\u0131k\u0131\u015fm\u0131\u015fl\u0131k, yozla\u015fm\u0131\u015fl\u0131k, gelenekler, sonu gelmez bekleyi\u015fler, plastik pasta, bozuk d\u00fczen, halaylar, kavgalar, silahlar ve bir t\u00fcrl\u00fc gelemeyen nik\u00e2h memuru&#8230;<\/p>\n<p class=\"p1\" style=\"text-align: justify;\">Damat ve Gelin d\u0131\u015f\u0131nda neden herkes mutlu bu d\u00fc\u011f\u00fcnde ya da di\u011fer t\u00fcm d\u00fc\u011f\u00fcnlerde de durum b\u00f6yle mi?<\/p>\n<p class=\"p1\" style=\"text-align: justify;\">\u201c Hayat\u0131m\u0131z\u0131n en mutlu g\u00fcn\u00fc! \u201d derken belki de yan\u0131l\u0131yoruzdur.<\/p>\n<p class=\"p1\" style=\"text-align: justify;\">&#8216;Gelenek&#8217; kavram\u0131 hi\u00e7 mi sorgulanamaz, &#8216;el\u00e2lem&#8217; dedi\u011fimiz \u00f6teki&#8217; hi\u00e7 mi sorgulanamaz?<\/p>\n<p class=\"p1\" style=\"text-align: justify;\">Kendi akl\u0131m\u0131z elalemin ne dedi\u011finden hi\u00e7 mi \u00fcst\u00fcn de\u011fil?<\/p>\n<p class=\"p1\" style=\"text-align: justify;\">F\u0130\u0130L; tek perdelik komedi oyunu olan &#8216; Y\u0131l\u0131n D\u00fc\u011f\u00fcn\u00fc &#8216; ile &#8216;d\u00fc\u011f\u00fcn&#8217; fenomenini kafkaesk bir \u00fcslupla seyirciye sunuyor.<\/p>\n<p class=\"p1\" style=\"text-align: justify;\">Fahrettin Eren Dinler&#8217;in yaz\u0131p y\u00f6netti\u011fi kahkaha dolu bu oyunda on ki\u015filik dev bir oyuncu kadrosu yer al\u0131yor.<\/p>\n<p>[\/et_pb_text][\/et_pb_column][\/et_pb_row][et_pb_row _builder_version=&#8221;4.9.3&#8243; _module_preset=&#8221;default&#8221;][et_pb_column type=&#8221;4_4&#8243; _builder_version=&#8221;4.9.3&#8243; _module_preset=&#8221;default&#8221;][et_pb_gallery gallery_ids=&#8221;137,138,139,140,141,142,143,144&#8243; fullwidth=&#8221;on&#8221; _builder_version=&#8221;4.9.3&#8243; _module_preset=&#8221;default&#8221; animation_style=&#8221;fade&#8221; auto=&#8221;on&#8221; auto_speed=&#8221;2500&#8243;][\/et_pb_gallery][\/et_pb_column][\/et_pb_row][et_pb_row _builder_version=&#8221;4.9.3&#8243; _module_preset=&#8221;default&#8221;][et_pb_column type=&#8221;4_4&#8243; _builder_version=&#8221;4.9.3&#8243; _module_preset=&#8221;default&#8221;][et_pb_text _builder_version=&#8221;4.9.3&#8243; _module_preset=&#8221;default&#8221;]<\/p>\n<p class=\"p1\" style=\"text-align: center;\"><b>K\u00dcNYE<\/b><\/p>\n<p class=\"p1\" style=\"text-align: center;\"><b>Yazan &#8211; Y\u00f6neten<\/b><\/p>\n<p class=\"p1\" style=\"text-align: center;\">Fahrettin EREN D\u0130NLER<\/p>\n<p class=\"p1\" style=\"text-align: center;\"><b>OYUNCULAR<\/b><\/p>\n<p class=\"p1\" style=\"text-align: center;\">Kayhan Binneto\u011flu, Fahrettin Eren Dinler, Senem Erdo\u011fan,<\/p>\n<p class=\"p1\" style=\"text-align: center;\">Sezgi G\u00fclp\u0131nar, G\u00f6k\u00e7e Bat\u0131ralp, Gizem Nur Dinler,<\/p>\n<p class=\"p1\" style=\"text-align: center;\">Mert Can Kaplan, Melike Polat, \u00c7a\u011fatay Keser, Mustafa \u00d6nder G\u00f6k\u00e7e<\/p>\n<p class=\"p1\" style=\"text-align: center;\"><b>SAHNE VE KOST\u00dcM TASARIMI<\/b><\/p>\n<p class=\"p1\" style=\"text-align: center;\">Sena Karamustafa<\/p>\n<p class=\"p1\" style=\"text-align: center;\"><b>M\u00dcZ\u0130K D\u0130REKT\u00d6R\u00dc<\/b><\/p>\n<p class=\"p1\" style=\"text-align: center;\">Ufuk Karakavak<\/p>\n<p class=\"p1\" style=\"text-align: center;\"><b>I\u015eIK TASARIMI<\/b><\/p>\n<p class=\"p1\" style=\"text-align: center;\">Taha Dinler<\/p>\n<p class=\"p1\" style=\"text-align: center;\"><b>Y\u00d6NETMEN YARDIMCISI<\/b><\/p>\n<p class=\"p1\" style=\"text-align: center;\">G\u00f6k\u00e7e \u00c7ankaya Bat\u0131ralp<\/p>\n<p class=\"p1\" style=\"text-align: center;\"><b>PROD\u00dcKT\u00d6R<\/b><\/p>\n<p class=\"p1\" style=\"text-align: center;\">Fahrettin EREN D\u0130NLER<\/p>\n<p class=\"p1\" style=\"text-align: center;\"><b>Fiil | 2018 \u00ae<\/b><\/p>\n<p>[\/et_pb_text][\/et_pb_column][\/et_pb_row][\/et_pb_section]<\/p>\n","protected":false},"excerpt":{"rendered":"<p>[et_pb_section fb_built=&#8221;1&#8243; _builder_version=&#8221;4.9.3&#8243; _module_preset=&#8221;default&#8221;][et_pb_row _builder_version=&#8221;4.9.3&#8243; _module_preset=&#8221;default&#8221;][et_pb_column type=&#8221;4_4&#8243; _builder_version=&#8221;4.9.3&#8243; _module_preset=&#8221;default&#8221;][et_pb_post_title meta=&#8221;off&#8221; featured_image=&#8221;off&#8221; _builder_version=&#8221;4.9.3&#8243; _module_preset=&#8221;default&#8221; hover_enabled=&#8221;0&#8243; title_text_color=&#8221;#d6001c&#8221; sticky_enabled=&#8221;0&#8243;][\/et_pb_post_title][\/et_pb_column][\/et_pb_row][et_pb_row _builder_version=&#8221;4.9.3&#8243; _module_preset=&#8221;default&#8221; custom_margin=&#8221;-38px|auto||auto||&#8221;][et_pb_column type=&#8221;4_4&#8243; _builder_version=&#8221;4.9.3&#8243; _module_preset=&#8221;default&#8221;][et_pb_text _builder_version=&#8221;4.9.3&#8243; _module_preset=&#8221;default&#8221;] Son y\u0131llar\u0131n en komik oyunu! Kahkaha [&hellip;]<\/p>\n","protected":false},"author":1,"featured_media":0,"parent":0,"menu_order":0,"comment_status":"closed","ping_status":"closed","template":"","meta":{"_et_pb_use_builder":"on","_et_pb_old_content":"<!-- wp:paragraph -->\n<p>Son y\u0131llar\u0131n en komik oyunu! Kahkaha tufan\u0131na haz\u0131r m\u0131s\u0131n\u0131z?<\/p>\n<!-- \/wp:paragraph -->\n\n<!-- wp:paragraph -->\n<p>Bir d\u00fc\u011f\u00fcn d\u00fc\u015f\u00fcn\u00fcn ki ba\u015flayam\u0131yor. Bir \u00e7ift d\u00fc\u015f\u00fcn\u00fcn ki bir t\u00fcrl\u00fc mutlulu\u011fa eremiyor.<\/p>\n<!-- \/wp:paragraph -->\n\n<!-- wp:paragraph -->\n<p>Neler mi var bu d\u00fc\u011f\u00fcnde?<\/p>\n<!-- \/wp:paragraph -->\n\n<!-- wp:paragraph -->\n<p>Toplumsal yarg\u0131lar, s\u0131k\u0131\u015fm\u0131\u015fl\u0131k, yozla\u015fm\u0131\u015fl\u0131k, gelenekler, sonu gelmez bekleyi\u015fler, plastik pasta, bozuk d\u00fczen, halaylar, kavgalar, silahlar ve bir t\u00fcrl\u00fc gelemeyen nik\u00e2h memuru...<\/p>\n<!-- \/wp:paragraph -->\n\n<!-- wp:paragraph -->\n<p>Damat ve Gelin d\u0131\u015f\u0131nda neden herkes mutlu bu d\u00fc\u011f\u00fcnde ya da di\u011fer t\u00fcm d\u00fc\u011f\u00fcnlerde de durum b\u00f6yle mi?<\/p>\n<!-- \/wp:paragraph -->\n\n<!-- wp:paragraph -->\n<p>\u201c Hayat\u0131m\u0131z\u0131n en mutlu g\u00fcn\u00fc! \u201d derken belki de yan\u0131l\u0131yoruzdur.<\/p>\n<!-- \/wp:paragraph -->\n\n<!-- wp:paragraph -->\n<p>'Gelenek' kavram\u0131 hi\u00e7 mi sorgulanamaz, 'el\u00e2lem' dedi\u011fimiz \u00f6teki' hi\u00e7 mi sorgulanamaz?<\/p>\n<!-- \/wp:paragraph -->\n\n<!-- wp:paragraph -->\n<p>Kendi akl\u0131m\u0131z elalemin ne dedi\u011finden hi\u00e7 mi \u00fcst\u00fcn de\u011fil?<\/p>\n<!-- \/wp:paragraph -->\n\n<!-- wp:paragraph -->\n<p>F\u0130\u0130L; tek perdelik komedi oyunu olan ' Y\u0131l\u0131n D\u00fc\u011f\u00fcn\u00fc ' ile<\/p>\n<!-- \/wp:paragraph -->\n\n<!-- wp:paragraph -->\n<p>'d\u00fc\u011f\u00fcn' fenomenini kafkaesk bir \u00fcslupla seyirciye sunuyor.<\/p>\n<!-- \/wp:paragraph -->\n\n<!-- wp:paragraph -->\n<p>Fahrettin Eren Dinler'in yaz\u0131p y\u00f6netti\u011fi kahkaha dolu bu oyunda on ki\u015filik dev bir oyuncu kadrosu yer al\u0131yor.<\/p>\n<!-- \/wp:paragraph -->\n\n<!-- wp:paragraph -->\n<p><\/p>\n<!-- \/wp:paragraph -->\n\n<!-- wp:paragraph -->\n<p><\/p>\n<!-- \/wp:paragraph -->\n\n<!-- wp:paragraph {\"align\":\"center\"} -->\n<p class=\"has-text-align-center\"><strong>K\u00dcNYE<\/strong><\/p>\n<!-- \/wp:paragraph -->\n\n<!-- wp:paragraph {\"align\":\"center\"} -->\n<p class=\"has-text-align-center\"><strong>Yazan - Y\u00f6neten<\/strong><\/p>\n<!-- \/wp:paragraph -->\n\n<!-- wp:paragraph {\"align\":\"center\"} -->\n<p class=\"has-text-align-center\">Fahrettin EREN D\u0130NLER<\/p>\n<!-- \/wp:paragraph -->\n\n<!-- wp:paragraph {\"align\":\"center\"} -->\n<p class=\"has-text-align-center\"><strong>OYUNCULAR<\/strong><\/p>\n<!-- \/wp:paragraph -->\n\n<!-- wp:paragraph {\"align\":\"center\"} -->\n<p class=\"has-text-align-center\">Kayhan Binneto\u011flu, Fahrettin Eren Dinler, Senem Erdo\u011fan<\/p>\n<!-- \/wp:paragraph -->\n\n<!-- wp:paragraph {\"align\":\"center\"} -->\n<p class=\"has-text-align-center\">Sezgi G\u00fclp\u0131nar, G\u00f6k\u00e7e Bat\u0131ralp, Gizem Nur Dinler<\/p>\n<!-- \/wp:paragraph -->\n\n<!-- wp:paragraph {\"align\":\"center\"} -->\n<p class=\"has-text-align-center\">Mert Can Kaplan, Melike Polat<\/p>\n<!-- \/wp:paragraph -->\n\n<!-- wp:paragraph {\"align\":\"center\"} -->\n<p class=\"has-text-align-center\">\u00c7a\u011fatay Keser, Mustafa \u00d6nder G\u00f6k\u00e7e<\/p>\n<!-- \/wp:paragraph -->\n\n<!-- wp:paragraph {\"align\":\"center\"} -->\n<p class=\"has-text-align-center\"><strong>SAHNE VE KOST\u00dcM TASARIMI<\/strong><\/p>\n<!-- \/wp:paragraph -->\n\n<!-- wp:paragraph {\"align\":\"center\"} -->\n<p class=\"has-text-align-center\">Sena Karamustafa<\/p>\n<!-- \/wp:paragraph -->\n\n<!-- wp:paragraph {\"align\":\"center\"} -->\n<p class=\"has-text-align-center\"><strong>M\u00dcZ\u0130K D\u0130REKT\u00d6R\u00dc<\/strong><\/p>\n<!-- \/wp:paragraph -->\n\n<!-- wp:paragraph {\"align\":\"center\"} -->\n<p class=\"has-text-align-center\">Ufuk Karakavak<\/p>\n<!-- \/wp:paragraph -->\n\n<!-- wp:paragraph {\"align\":\"center\"} -->\n<p class=\"has-text-align-center\"><strong>I\u015eIK TASARIMI<\/strong><\/p>\n<!-- \/wp:paragraph -->\n\n<!-- wp:paragraph {\"align\":\"center\"} -->\n<p class=\"has-text-align-center\">Taha Dinler<\/p>\n<!-- \/wp:paragraph -->\n\n<!-- wp:paragraph {\"align\":\"center\"} -->\n<p class=\"has-text-align-center\" id=\"yilin-dugunu-tiyatro-oyunu\"><strong>Y\u00d6NETMEN YARDIMCISI<\/strong><\/p>\n<!-- \/wp:paragraph -->\n\n<!-- wp:paragraph {\"align\":\"center\"} -->\n<p class=\"has-text-align-center\">G\u00f6k\u00e7e \u00c7ankaya Bat\u0131ralp<\/p>\n<!-- \/wp:paragraph -->\n\n<!-- wp:paragraph {\"align\":\"center\"} -->\n<p class=\"has-text-align-center\"><strong>PROD\u00dcKT\u00d6R<\/strong><\/p>\n<!-- \/wp:paragraph -->\n\n<!-- wp:paragraph {\"align\":\"center\"} -->\n<p class=\"has-text-align-center\">Fahrettin EREN D\u0130NLER<\/p>\n<!-- \/wp:paragraph -->\n\n<!-- wp:paragraph {\"align\":\"center\"} -->\n<p class=\"has-text-align-center\"><strong>Fiil | 2018 \u00ae<\/strong><\/p>\n<!-- \/wp:paragraph -->","_et_gb_content_width":"","_EventAllDay":false,"_EventTimezone":"","_EventStartDate":"","_EventEndDate":"","_EventStartDateUTC":"","_EventEndDateUTC":"","_EventShowMap":false,"_EventShowMapLink":false,"_EventURL":"","_EventCost":"","_EventCostDescription":"","_EventCurrencySymbol":"","_EventCurrencyCode":"","_EventCurrencyPosition":"","_EventDateTimeSeparator":"","_EventTimeRangeSeparator":"","_EventOrganizerID":[],"_EventVenueID":[],"_OrganizerEmail":"","_OrganizerPhone":"","_OrganizerWebsite":"","_VenueAddress":"","_VenueCity":"","_VenueCountry":"","_VenueProvince":"","_VenueState":"","_VenueZip":"","_VenuePhone":"","_VenueURL":"","_VenueStateProvince":"","_VenueLat":"","_VenueLng":"","_VenueShowMap":false,"_VenueShowMapLink":false,"footnotes":""},"class_list":["post-27","page","type-page","status-publish","hentry"],"_links":{"self":[{"href":"https:\/\/www.fiil.com.tr\/index.php\/wp-json\/wp\/v2\/pages\/27","targetHints":{"allow":["GET"]}}],"collection":[{"href":"https:\/\/www.fiil.com.tr\/index.php\/wp-json\/wp\/v2\/pages"}],"about":[{"href":"https:\/\/www.fiil.com.tr\/index.php\/wp-json\/wp\/v2\/types\/page"}],"author":[{"embeddable":true,"href":"https:\/\/www.fiil.com.tr\/index.php\/wp-json\/wp\/v2\/users\/1"}],"replies":[{"embeddable":true,"href":"https:\/\/www.fiil.com.tr\/index.php\/wp-json\/wp\/v2\/comments?post=27"}],"version-history":[{"count":7,"href":"https:\/\/www.fiil.com.tr\/index.php\/wp-json\/wp\/v2\/pages\/27\/revisions"}],"predecessor-version":[{"id":161,"href":"https:\/\/www.fiil.com.tr\/index.php\/wp-json\/wp\/v2\/pages\/27\/revisions\/161"}],"wp:attachment":[{"href":"https:\/\/www.fiil.com.tr\/index.php\/wp-json\/wp\/v2\/media?parent=27"}],"curies":[{"name":"wp","href":"https:\/\/api.w.org\/{rel}","templated":true}]}}