{"id":43,"date":"2024-04-24T00:04:44","date_gmt":"2024-04-24T00:04:44","guid":{"rendered":"https:\/\/www.fiil.com.tr\/?page_id=43"},"modified":"2024-12-08T18:14:04","modified_gmt":"2024-12-08T18:14:04","slug":"gomulemeyen-cenaze","status":"publish","type":"page","link":"https:\/\/www.fiil.com.tr\/index.php\/gomulemeyen-cenaze\/","title":{"rendered":"G\u00f6m\u00fclemeyen Cenaze"},"content":{"rendered":"[et_pb_section fb_built=&#8221;1&#8243; admin_label=&#8221;section&#8221; _builder_version=&#8221;3.22&#8243;][et_pb_row admin_label=&#8221;row&#8221; _builder_version=&#8221;3.25&#8243; background_size=&#8221;initial&#8221; background_position=&#8221;top_left&#8221; background_repeat=&#8221;repeat&#8221; custom_padding=&#8221;||0px|||&#8221;][et_pb_column type=&#8221;4_4&#8243; _builder_version=&#8221;3.25&#8243; custom_padding=&#8221;|||&#8221; custom_padding__hover=&#8221;|||&#8221;][et_pb_post_title meta=&#8221;off&#8221; featured_image=&#8221;off&#8221; _builder_version=&#8221;4.9.3&#8243; _module_preset=&#8221;default&#8221; title_text_color=&#8221;#E02B20&#8243;][\/et_pb_post_title][et_pb_image src=&#8221;https:\/\/www.fiil.com.tr\/wp-content\/uploads\/2024\/12\/Gomulemeyen-Cenaze-2-731&#215;1024.png&#8221; _builder_version=&#8221;4.9.3&#8243; _module_preset=&#8221;default&#8221; title_text=&#8221;Gomulemeyen-Cenaze&#8221; hover_enabled=&#8221;0&#8243; sticky_enabled=&#8221;0&#8243; width=&#8221;47.8%&#8221;][\/et_pb_image][et_pb_text admin_label=&#8221;Text&#8221; _builder_version=&#8221;3.27.4&#8243; background_size=&#8221;initial&#8221; background_position=&#8221;top_left&#8221; background_repeat=&#8221;repeat&#8221; min_height=&#8221;934.3px&#8221; custom_margin=&#8221;||-3px|||&#8221; custom_padding=&#8221;||0px|||&#8221; inline_fonts=&#8221;Alegreya Sans,Archivo Black&#8221;]<h3><strong style=\"font-size: 14px; color: #666666;\">\u00a0Cenazeden hemen \u00f6nce bir soru sordu CENAZE SAH\u0130B\u0130:<\/strong><\/h3>\n<p><strong>&#8220;Babam ateist olabilir mi?&#8221;<\/strong><\/p>\n<p>Ortal\u0131k bir anda kar\u0131\u015ft\u0131!<br \/>Belli ki kendisi de dahil, babas\u0131n\u0131 hi\u00e7 kimse yeterince tan\u0131m\u0131yordu.<br \/>Onun ise tek bir arzusu vard\u0131:<br \/>Babas\u0131 her neye inan\u0131yorsa, ona g\u00f6re g\u00f6m\u00fclmesini sa\u011flamak.<\/p>\n<p>\u015eimdi herkesin merak etti\u011fi tek bir soru vard\u0131:<br \/><strong><\/strong><\/p>\n<p><strong>Bu cenaze ne olacak?<\/strong><\/p>\n<p><strong>G\u00f6m\u00fclemeyen Cenaze<\/strong><span>\u00a0<\/span>oyunu, politika, hukuk, medya, din, ordu ve polis gibi kavramlar\u0131, ta\u015fra hayat\u0131n\u0131n ger\u00e7ekli\u011fiyle harmanlayarak abs\u00fcrt bir mizahi yakla\u015f\u0131mla ele al\u0131yor. \u0130nsan ili\u015fkileri, kavramlar ve de\u011ferler \u00fczerinden, hem toplumu hem de kurumlar\u0131 e\u011flenceli bir dille sorgulayan bu oyun, izleyicilere d\u00fc\u015f\u00fcnd\u00fcr\u00fcc\u00fc ve kahkaha dolu bir deneyimi bir arada sunuyor.<strong><\/strong><\/p>\n<p><strong>Fahrettin Eren Dinler<\/strong><span>\u00a0<\/span>taraf\u0131ndan kaleme al\u0131nan,<br \/>tek perdelik bu komedi oyunu,<br \/><strong>7 ki\u015filik g\u00fc\u00e7l\u00fc bir oyuncu kadrosuyla<\/strong><span>\u00a0<\/span>seyirci kar\u015f\u0131s\u0131na \u00e7\u0131k\u0131yor.<\/p>\n<p><span style=\"font-size: 14px;\"><\/span><\/p>\n<p>&nbsp;<\/p>\n<p><!-- \/wp:post-content --><b>K\u00dcNYE<\/b><\/p>\n<p><strong>Yazan &#8211; Y\u00f6neten<\/strong><\/p>\n<p><!-- \/wp:paragraph -->Fahrettin EREN D\u0130NLER<\/p>\n<p><strong>Oyuncular<\/strong><\/p>\n<p>Kerim Pehlivan, Fahrettin Eren Dinler<\/p>\n<p>Senem Erdo\u011fan, Do\u011fukan T\u00f6ngel, Mert Can Kaplan,\u00a0<\/p>\n<p>Melis Korkmaz, Soner G\u00f6leli<\/p>\n<p><strong>I\u015eIK TASARIMI<\/strong><\/p>\n<p>Taha Dinler<strong><\/strong><\/p>\n<p><strong>SAHNE VE KOST\u00dcM TASARIMI<\/strong><\/p>\n<p>G\u00f6k\u00e7e Bat\u0131ralp<\/p>\n<p><strong>M\u00dcZ\u0130K TASARIMI<\/strong><\/p>\n<p>MUK STUDIO<strong><\/strong><\/p>\n<p><strong>PROD\u00dcKT\u00d6R<\/strong><\/p>\n<p>FAHRETT\u0130N EREN D\u0130NLER<\/p>\n<p>&nbsp;<\/p>\n<p><strong>F\u0130\u0130L SANAT 2024-2025 \u00ae<\/strong><\/p>\n<p><!-- \/wp:paragraph --><\/p>\n<p><!-- wp:paragraph --><\/p>\n<p><!-- \/wp:paragraph --><\/p>\n<p><!-- wp:paragraph --><\/p>\n<p><!-- \/wp:paragraph --><\/p>\n<p><!-- wp:paragraph --><\/p>\n<p><!-- \/wp:paragraph --><\/p>\n<p><!-- wp:paragraph --><\/p>\n<p><!-- \/wp:paragraph --><\/p>\n<p><!-- wp:paragraph --><\/p>\n<p><!-- \/wp:paragraph --><\/p>\n<p><!-- wp:paragraph --><\/p>\n<p><!-- \/wp:paragraph --><\/p>\n<p><!-- wp:paragraph --><\/p>\n<p><!-- \/wp:paragraph --><\/p>\n<p><!-- wp:paragraph --><\/p>\n<p><!-- \/wp:paragraph --><\/p>\n<p><!-- wp:paragraph --><\/p>\n<p><!-- \/wp:paragraph --><\/p>\n<p><!-- wp:paragraph --><\/p>\n<p><!-- \/wp:paragraph --><\/p>\n<p><!-- wp:paragraph --><\/p>\n<p><!-- \/wp:paragraph --><\/p>\n<p><!-- wp:paragraph --><\/p>\n<p><!-- wp:paragraph {\"align\":\"center\"} --><\/p>\n<p><!-- \/wp:paragraph --><\/p>\n<p><!-- wp:paragraph {\"align\":\"center\"} --><\/p>\n<p><!-- wp:paragraph {\"align\":\"center\"} --><\/p>\n<p><!-- \/wp:paragraph --><\/p>\n<p><!-- wp:paragraph {\"align\":\"center\"} --><\/p>\n<p><!-- \/wp:paragraph --><\/p>\n<p><!-- wp:paragraph {\"align\":\"center\"} --><\/p>\n<p><!-- \/wp:paragraph --><\/p>[\/et_pb_text][\/et_pb_column][\/et_pb_row][\/et_pb_section]","protected":false},"excerpt":{"rendered":"<p>[et_pb_section fb_built=&#8221;1&#8243; admin_label=&#8221;section&#8221; _builder_version=&#8221;3.22&#8243;][et_pb_row admin_label=&#8221;row&#8221; _builder_version=&#8221;3.25&#8243; background_size=&#8221;initial&#8221; background_position=&#8221;top_left&#8221; background_repeat=&#8221;repeat&#8221; custom_padding=&#8221;||0px|||&#8221;][et_pb_column type=&#8221;4_4&#8243; _builder_version=&#8221;3.25&#8243; custom_padding=&#8221;|||&#8221; custom_padding__hover=&#8221;|||&#8221;][et_pb_post_title meta=&#8221;off&#8221; featured_image=&#8221;off&#8221; _builder_version=&#8221;4.9.3&#8243; _module_preset=&#8221;default&#8221; title_text_color=&#8221;#E02B20&#8243;][\/et_pb_post_title][et_pb_image src=&#8221;https:\/\/www.fiil.com.tr\/wp-content\/uploads\/2024\/12\/Gomulemeyen-Cenaze-2-731&#215;1024.png&#8221; _builder_version=&#8221;4.9.3&#8243; _module_preset=&#8221;default&#8221; title_text=&#8221;Gomulemeyen-Cenaze&#8221; hover_enabled=&#8221;0&#8243; sticky_enabled=&#8221;0&#8243; width=&#8221;47.8%&#8221;][\/et_pb_image][et_pb_text admin_label=&#8221;Text&#8221; _builder_version=&#8221;3.27.4&#8243; background_size=&#8221;initial&#8221; background_position=&#8221;top_left&#8221; [&hellip;]<\/p>\n","protected":false},"author":1,"featured_media":0,"parent":0,"menu_order":0,"comment_status":"closed","ping_status":"closed","template":"","meta":{"_et_pb_use_builder":"on","_et_pb_old_content":"<!-- wp:paragraph -->\n<p>Bir cami avlusu\u2026<\/p>\n<!-- \/wp:paragraph -->\n\n<!-- wp:paragraph -->\n<p>Musalla ta\u015f\u0131n\u0131n \u00fczerinde bekleyen eski bir mebus, tabutun ba\u015f\u0131nda \u00f6len babas\u0131n\u0131 hi\u00e7 tan\u0131mayan bir cenaze sahibi, hi\u00e7 kimsenin beklenmedi\u011fi cenazeyi doldurmaya \u00e7al\u0131\u015fan bir imam.<\/p>\n<!-- \/wp:paragraph -->\n\n<!-- wp:paragraph -->\n<p>Sela okunmadan \u00f6nce bir iddia atar ortaya cenaze sahibi : \u2018 Babam M\u00fcsl\u00fcman olmayabilir mi? \u2019 <\/p>\n<!-- \/wp:paragraph -->\n\n<!-- wp:paragraph -->\n<p>Ortal\u0131k b\u00fcy\u00fck kar\u0131\u015f\u0131r !<\/p>\n<!-- \/wp:paragraph -->\n\n<!-- wp:paragraph -->\n<p>\u0130mam : Emin olmadan k\u0131lamay\u0131z, caiz de\u011fildir.<\/p>\n<!-- \/wp:paragraph -->\n\n<!-- wp:paragraph -->\n<p>Belediye Ba\u015fkan\u0131 : Bu cenaze bug\u00fcn g\u00f6m\u00fclecek.<\/p>\n<!-- \/wp:paragraph -->\n\n<!-- wp:paragraph -->\n<p>Asker : Resmi t\u00f6ren olmadan olmaz.<\/p>\n<!-- \/wp:paragraph -->\n\n<!-- wp:paragraph -->\n<p>Avukat : Cenazeyi g\u00f6mmeye kalkarsan\u0131z olay yarg\u0131ya ta\u015f\u0131n\u0131r.<\/p>\n<!-- \/wp:paragraph -->\n\n<!-- wp:paragraph -->\n<p>Polis : Ben cinayet oldu\u011fundan \u015f\u00fcpheleniyorum.<\/p>\n<!-- \/wp:paragraph -->\n\n<!-- wp:paragraph -->\n<p>Televizyoncu : Herkesin haber sat\u0131n alma \u00f6zg\u00fcrl\u00fc\u011f\u00fc var.<\/p>\n<!-- \/wp:paragraph -->\n\n<!-- wp:paragraph -->\n<p>Oysa cenaze sahibinin istedi\u011fi tek bir \u015fey vard\u0131r ; sadece emin olmak. Lakin belli ki \u00f6len adam\u0131 hi\u00e7 kimse yeterince iyi tan\u0131mamaktad\u0131r. Televizyoncunun olaylar\u0131 k\u0131\u015fk\u0131rtmas\u0131 ile beraber olaylar iyice i\u00e7inden \u00e7\u0131k\u0131lmaz bir hal al\u0131r.<\/p>\n<!-- \/wp:paragraph -->\n\n<!-- wp:paragraph -->\n<p>Art\u0131k herkesin merak etti\u011fi tek bir soru vard\u0131r; Bu cenaze ne olacak ?<\/p>\n<!-- \/wp:paragraph -->\n\n<!-- wp:paragraph -->\n<p><\/p>\n<!-- \/wp:paragraph -->\n\n<!-- wp:paragraph {\"align\":\"center\"} -->\n<p class=\"has-text-align-center\"><strong>K\u00dcNYE<\/strong><\/p>\n<!-- \/wp:paragraph -->\n\n<!-- wp:paragraph {\"align\":\"center\"} -->\n<p class=\"has-text-align-center\"><strong>Yazan - Y\u00f6neten<\/strong><\/p>\n<!-- \/wp:paragraph -->\n\n<!-- wp:paragraph {\"align\":\"center\"} -->\n<p class=\"has-text-align-center\">Fahrettin EREN D\u0130NLER<\/p>\n<!-- \/wp:paragraph -->\n\n<!-- wp:paragraph {\"align\":\"center\"} -->\n<p class=\"has-text-align-center\"><strong>OYUNCULAR<\/strong><\/p>\n<!-- \/wp:paragraph -->\n\n<!-- wp:paragraph {\"align\":\"center\"} -->\n<p class=\"has-text-align-center\">Kayhan Binneto\u011flu, Fahrettin Eren Dinler, Senem Erdo\u011fan<\/p>\n<!-- \/wp:paragraph -->\n\n<!-- wp:paragraph {\"align\":\"center\"} -->\n<p class=\"has-text-align-center\">Sezgi G\u00fclp\u0131nar, G\u00f6k\u00e7e Bat\u0131ralp, Gizem Nur Dinler<\/p>\n<!-- \/wp:paragraph -->\n\n<!-- wp:paragraph {\"align\":\"center\"} -->\n<p class=\"has-text-align-center\">Mert Can Kaplan<\/p>\n<!-- \/wp:paragraph -->\n\n<!-- wp:paragraph {\"align\":\"center\"} -->\n<p class=\"has-text-align-center\"><strong>SAHNE VE KOST\u00dcM TASARIMI<\/strong><\/p>\n<!-- \/wp:paragraph -->\n\n<!-- wp:paragraph {\"align\":\"center\"} -->\n<p class=\"has-text-align-center\">Emrah K\u00fcrek\u00e7i<\/p>\n<!-- \/wp:paragraph -->\n\n<!-- wp:paragraph {\"align\":\"center\"} -->\n<p class=\"has-text-align-center\"><strong>M\u00dcZ\u0130K D\u0130REKT\u00d6R\u00dc<\/strong><\/p>\n<!-- \/wp:paragraph -->\n\n<!-- wp:paragraph {\"align\":\"center\"} -->\n<p class=\"has-text-align-center\">Ufuk Karakavak<\/p>\n<!-- \/wp:paragraph -->\n\n<!-- wp:paragraph {\"align\":\"center\"} -->\n<p class=\"has-text-align-center\"><strong>I\u015eIK TASARIMI<\/strong><\/p>\n<!-- \/wp:paragraph -->\n\n<!-- wp:paragraph {\"align\":\"center\"} -->\n<p class=\"has-text-align-center\">Taha Dinler<\/p>\n<!-- \/wp:paragraph -->\n\n<!-- wp:paragraph {\"align\":\"center\"} -->\n<p class=\"has-text-align-center\"><strong>Y\u00d6NETMEN YARDIMCISI<\/strong><\/p>\n<!-- \/wp:paragraph -->\n\n<!-- wp:paragraph {\"align\":\"center\"} -->\n<p class=\"has-text-align-center\">G\u00f6k\u00e7e \u00c7ankaya Bat\u0131ralp<\/p>\n<!-- \/wp:paragraph -->\n\n<!-- wp:paragraph {\"align\":\"center\"} -->\n<p class=\"has-text-align-center\"><strong>PROD\u00dcKT\u00d6R<\/strong><\/p>\n<!-- \/wp:paragraph -->\n\n<!-- wp:paragraph {\"align\":\"center\"} -->\n<p class=\"has-text-align-center\">Fahrettin EREN D\u0130NLER<\/p>\n<!-- \/wp:paragraph -->\n\n<!-- wp:paragraph {\"align\":\"center\"} -->\n<p class=\"has-text-align-center\"><strong>F\u0130\u0130L SANAT 2024-2025 \u00ae<\/strong><\/p>\n<!-- \/wp:paragraph -->","_et_gb_content_width":"","_EventAllDay":false,"_EventTimezone":"","_EventStartDate":"","_EventEndDate":"","_EventStartDateUTC":"","_EventEndDateUTC":"","_EventShowMap":false,"_EventShowMapLink":false,"_EventURL":"","_EventCost":"","_EventCostDescription":"","_EventCurrencySymbol":"","_EventCurrencyCode":"","_EventCurrencyPosition":"","_EventDateTimeSeparator":"","_EventTimeRangeSeparator":"","_EventOrganizerID":[],"_EventVenueID":[],"_OrganizerEmail":"","_OrganizerPhone":"","_OrganizerWebsite":"","_VenueAddress":"","_VenueCity":"","_VenueCountry":"","_VenueProvince":"","_VenueState":"","_VenueZip":"","_VenuePhone":"","_VenueURL":"","_VenueStateProvince":"","_VenueLat":"","_VenueLng":"","_VenueShowMap":false,"_VenueShowMapLink":false,"footnotes":""},"class_list":["post-43","page","type-page","status-publish","hentry"],"_links":{"self":[{"href":"https:\/\/www.fiil.com.tr\/index.php\/wp-json\/wp\/v2\/pages\/43","targetHints":{"allow":["GET"]}}],"collection":[{"href":"https:\/\/www.fiil.com.tr\/index.php\/wp-json\/wp\/v2\/pages"}],"about":[{"href":"https:\/\/www.fiil.com.tr\/index.php\/wp-json\/wp\/v2\/types\/page"}],"author":[{"embeddable":true,"href":"https:\/\/www.fiil.com.tr\/index.php\/wp-json\/wp\/v2\/users\/1"}],"replies":[{"embeddable":true,"href":"https:\/\/www.fiil.com.tr\/index.php\/wp-json\/wp\/v2\/comments?post=43"}],"version-history":[{"count":13,"href":"https:\/\/www.fiil.com.tr\/index.php\/wp-json\/wp\/v2\/pages\/43\/revisions"}],"predecessor-version":[{"id":249,"href":"https:\/\/www.fiil.com.tr\/index.php\/wp-json\/wp\/v2\/pages\/43\/revisions\/249"}],"wp:attachment":[{"href":"https:\/\/www.fiil.com.tr\/index.php\/wp-json\/wp\/v2\/media?parent=43"}],"curies":[{"name":"wp","href":"https:\/\/api.w.org\/{rel}","templated":true}]}}