{"id":50,"date":"2024-04-24T00:19:40","date_gmt":"2024-04-24T00:19:40","guid":{"rendered":"https:\/\/www.fiil.com.tr\/?page_id=50"},"modified":"2024-10-30T16:01:29","modified_gmt":"2024-10-30T16:01:29","slug":"iv-duvar","status":"publish","type":"page","link":"https:\/\/www.fiil.com.tr\/index.php\/iv-duvar\/","title":{"rendered":"IV. DUVAR"},"content":{"rendered":"[et_pb_section fb_built=&#8221;1&#8243; admin_label=&#8221;section&#8221; _builder_version=&#8221;3.22&#8243; hover_enabled=&#8221;0&#8243; sticky_enabled=&#8221;0&#8243;][et_pb_row _builder_version=&#8221;4.9.3&#8243; _module_preset=&#8221;default&#8221; hover_enabled=&#8221;0&#8243; sticky_enabled=&#8221;0&#8243;][et_pb_column _builder_version=&#8221;4.9.3&#8243; _module_preset=&#8221;default&#8221; type=&#8221;4_4&#8243;][et_pb_post_title _builder_version=&#8221;4.9.3&#8243; _module_preset=&#8221;default&#8221; meta=&#8221;off&#8221; featured_image=&#8221;off&#8221; hover_enabled=&#8221;0&#8243; sticky_enabled=&#8221;0&#8243; title_text_color=&#8221;#d6001c&#8221;][\/et_pb_post_title][\/et_pb_column][\/et_pb_row][et_pb_row admin_label=&#8221;row&#8221; _builder_version=&#8221;3.25&#8243; background_size=&#8221;initial&#8221; background_position=&#8221;top_left&#8221; background_repeat=&#8221;repeat&#8221; hover_enabled=&#8221;0&#8243; min_height=&#8221;378.3px&#8221; sticky_enabled=&#8221;0&#8243; custom_padding=&#8221;||3px|||&#8221;][et_pb_column type=&#8221;4_4&#8243; _builder_version=&#8221;3.25&#8243; custom_padding=&#8221;|||&#8221; custom_padding__hover=&#8221;|||&#8221;][et_pb_text admin_label=&#8221;Text&#8221; _builder_version=&#8221;3.27.4&#8243; background_size=&#8221;initial&#8221; background_position=&#8221;top_left&#8221; background_repeat=&#8221;repeat&#8221; hover_enabled=&#8221;0&#8243; sticky_enabled=&#8221;0&#8243; min_height=&#8221;661.2px&#8221;]<p><\/p>\n<p>B\u00fcy\u00fck \u015fehrin kenar mahallelerinde b\u00fcy\u00fcm\u00fc\u015f ve su\u00e7la yo\u011frulmu\u015f bir adam \u2018SARI \u2019<\/p>\n<p><\/p>\n<p><\/p>\n<p>Kar\u0131s\u0131n\u0131 ve karn\u0131ndaki \u00e7ocu\u011funu vah\u015fi bir sald\u0131r\u0131da kaybettikten sonra t\u00fcm hayat\u0131n\u0131 intikam almaya adayan kendi halinde bir gen\u00e7 \u2018 \u00c7AYLAK \u2019<\/p>\n<p><\/p>\n<p><\/p>\n<p>SARI mahkumlar taraf\u0131ndan \u0131ss\u0131z bir ada \u00fcst\u00fcne yeni in\u015fa edilmekte olan hapishane in\u015faat\u0131nda \u00e7al\u0131\u015fmaktad\u0131r.<\/p>\n<p><\/p>\n<p><\/p>\n<p>Uzun y\u0131llard\u0131r hapiste olan SARI\u2019n\u0131n deyim yerindeyse beli \u00e7atlam\u0131\u015ft\u0131r kendini bu adadaki in\u015faata ald\u0131rabilmek i\u00e7in.<\/p>\n<p><\/p>\n<p><\/p>\n<p>SARI bir sabah uyand\u0131\u011f\u0131nda yan\u0131ndaki yatakta daha \u00f6nce hi\u00e7 g\u00f6rmedi\u011fi birini g\u00f6r\u00fcr.<\/p>\n<p><\/p>\n<p><\/p>\n<p>Bu adam \u00c7AYLAK\u2019tan ba\u015fkas\u0131 de\u011fildir.<\/p>\n<p><\/p>\n<p><\/p>\n<p>Mahkumlar\u0131 adadan g\u00f6t\u00fcren gemi de \u00e7oktan gitmi\u015ftir. G\u00f6r\u00fcnen o ki \u015fimdi bu adada onlardan ba\u015fka hi\u00e7 kimse yoktur.<\/p>\n<p><\/p>\n<p><\/p>\n<p>Peki \u015fimdi \u00c7AYLAK intikam almak i\u00e7in SARI\u2019ya benzeyecek midir?<\/p>\n<p><\/p>\n<p><\/p>\n<p>\u201c Birileri bar\u0131\u015f\u0131 ba\u015flatmal\u0131, t\u0131pk\u0131 sava\u015f\u0131 ba\u015flatt\u0131\u011f\u0131 gibi.\u201d Stefan Zweig<\/p>\n<p><\/p>\n<p><\/p>\n<p><\/p>\n<p><\/p>\n<p><\/p>[\/et_pb_text][\/et_pb_column][\/et_pb_row][et_pb_row _builder_version=&#8221;4.9.3&#8243; _module_preset=&#8221;default&#8221;][et_pb_column _builder_version=&#8221;4.9.3&#8243; _module_preset=&#8221;default&#8221; type=&#8221;4_4&#8243;][et_pb_gallery _builder_version=&#8221;4.9.3&#8243; _module_preset=&#8221;default&#8221; gallery_ids=&#8221;166,167,168,169,170&#8243; fullwidth=&#8221;on&#8221; hover_enabled=&#8221;0&#8243; sticky_enabled=&#8221;0&#8243;][\/et_pb_gallery][\/et_pb_column][\/et_pb_row][et_pb_row _builder_version=&#8221;4.9.3&#8243; _module_preset=&#8221;default&#8221;][et_pb_column _builder_version=&#8221;4.9.3&#8243; _module_preset=&#8221;default&#8221; type=&#8221;4_4&#8243;][et_pb_text _builder_version=&#8221;4.9.3&#8243; _module_preset=&#8221;default&#8221; hover_enabled=&#8221;0&#8243; sticky_enabled=&#8221;0&#8243;]<p class=\"has-text-align-center\" style=\"text-align: center;\"><strong>K\u00fcnye<\/strong><\/p>\n<p class=\"has-text-align-center\" style=\"text-align: center;\"><strong>Yazan &amp; Y\u00f6neten<\/strong><\/p>\n<p class=\"has-text-align-center\" style=\"text-align: center;\">Kayhan B\u0130NNETO\u011eLU<\/p>\n<p class=\"has-text-align-center\" style=\"text-align: center;\"><strong>OYUNCULAR<\/strong><\/p>\n<p class=\"has-text-align-center\" style=\"text-align: center;\">Do\u011fukan T\u00f6ngel<\/p>\n<p class=\"has-text-align-center\" style=\"text-align: center;\">Sezgi G\u00dcLPINAR<\/p>\n<p class=\"has-text-align-center\" style=\"text-align: center;\"><strong>SAHNE VE KOST\u00dcM TASARIM<\/strong><\/p>\n<p class=\"has-text-align-center\" style=\"text-align: center;\">Seda Balatekin<\/p>\n<p class=\"has-text-align-center\" style=\"text-align: center;\"><strong>M\u00dcZ\u0130K D\u0130REKT\u00d6R\u00dc<\/strong><\/p>\n<p class=\"has-text-align-center\" style=\"text-align: center;\">Do\u011fukan T\u00d6NGEL<\/p>\n<p class=\"has-text-align-center\" style=\"text-align: center;\"><strong>M\u00dcZ\u0130K D\u00dcZENLEME<\/strong><\/p>\n<p class=\"has-text-align-center\" style=\"text-align: center;\">Ufuk KARAKAVAK<\/p>\n<p class=\"has-text-align-center\" style=\"text-align: center;\"><strong>I\u015eIK TASARIMI<\/strong><\/p>\n<p class=\"has-text-align-center\" style=\"text-align: center;\">Taha D\u0130NLER<\/p>\n<p class=\"has-text-align-center\" style=\"text-align: center;\"><strong>YARDIMCI Y\u00d6NETMEN<\/strong><\/p>\n<p class=\"has-text-align-center\" style=\"text-align: center;\">Ayla KAB\u0130L<\/p>\n<p class=\"has-text-align-center\" style=\"text-align: center;\"><strong>PROD\u00dcKT\u00d6R<\/strong><\/p>\n<p class=\"has-text-align-center\" style=\"text-align: center;\">Fahrettin EREN D\u0130NLER<\/p>\n<p class=\"has-text-align-center\" style=\"text-align: center;\"><strong>F\u0130\u0130L 2022 \u00ae<\/strong><\/p>\n<p style=\"text-align: center;\"><\/p>\n<p style=\"text-align: center;\"><\/p>\n<p style=\"text-align: center;\"><\/p>\n<p style=\"text-align: center;\"><\/p>\n<p style=\"text-align: center;\"><\/p>\n<p style=\"text-align: center;\"><\/p>\n<p style=\"text-align: center;\"><\/p>\n<p style=\"text-align: center;\"><\/p>\n<p style=\"text-align: center;\"><\/p>\n<p style=\"text-align: center;\"><\/p>\n<p style=\"text-align: center;\"><\/p>\n<p style=\"text-align: center;\"><!-- \/wp:post-content --><\/p>\n<p style=\"text-align: center;\"><!-- wp:paragraph {\"align\":\"center\"} --><\/p>\n<p style=\"text-align: center;\"><!-- \/wp:paragraph --><\/p>\n<p style=\"text-align: center;\"><!-- wp:paragraph {\"align\":\"center\"} --><\/p>\n<p style=\"text-align: center;\"><!-- \/wp:paragraph --><\/p>\n<p style=\"text-align: center;\"><!-- wp:paragraph {\"align\":\"center\"} --><\/p>\n<p style=\"text-align: center;\"><!-- \/wp:paragraph --><\/p>\n<p style=\"text-align: center;\"><!-- wp:paragraph {\"align\":\"center\"} --><\/p>\n<p style=\"text-align: center;\"><!-- \/wp:paragraph --><\/p>\n<p style=\"text-align: center;\"><!-- wp:paragraph {\"align\":\"center\"} --><\/p>\n<p style=\"text-align: center;\"><!-- \/wp:paragraph --><\/p>\n<p style=\"text-align: center;\"><!-- wp:paragraph {\"align\":\"center\"} --><\/p>\n<p style=\"text-align: center;\"><!-- \/wp:paragraph --><\/p>\n<p style=\"text-align: center;\"><!-- wp:paragraph {\"align\":\"center\"} --><\/p>\n<p style=\"text-align: center;\"><!-- \/wp:paragraph --><\/p>\n<p style=\"text-align: center;\"><!-- wp:paragraph {\"align\":\"center\"} --><\/p>\n<p style=\"text-align: center;\"><!-- \/wp:paragraph --><\/p>\n<p style=\"text-align: center;\"><!-- wp:paragraph {\"align\":\"center\"} --><\/p>\n<p style=\"text-align: center;\"><!-- \/wp:paragraph --><\/p>\n<p style=\"text-align: center;\"><!-- wp:paragraph {\"align\":\"center\"} --><\/p>\n<p style=\"text-align: center;\"><!-- \/wp:paragraph --><\/p>\n<p style=\"text-align: center;\"><!-- wp:paragraph {\"align\":\"center\"} --><\/p>[\/et_pb_text][\/et_pb_column][\/et_pb_row][\/et_pb_section]","protected":false},"excerpt":{"rendered":"<p>[et_pb_section fb_built=&#8221;1&#8243; admin_label=&#8221;section&#8221; _builder_version=&#8221;3.22&#8243; hover_enabled=&#8221;0&#8243; sticky_enabled=&#8221;0&#8243;][et_pb_row _builder_version=&#8221;4.9.3&#8243; _module_preset=&#8221;default&#8221; hover_enabled=&#8221;0&#8243; sticky_enabled=&#8221;0&#8243;][et_pb_column _builder_version=&#8221;4.9.3&#8243; _module_preset=&#8221;default&#8221; type=&#8221;4_4&#8243;][et_pb_post_title _builder_version=&#8221;4.9.3&#8243; _module_preset=&#8221;default&#8221; meta=&#8221;off&#8221; featured_image=&#8221;off&#8221; hover_enabled=&#8221;0&#8243; sticky_enabled=&#8221;0&#8243; title_text_color=&#8221;#d6001c&#8221;][\/et_pb_post_title][\/et_pb_column][\/et_pb_row][et_pb_row admin_label=&#8221;row&#8221; _builder_version=&#8221;3.25&#8243; background_size=&#8221;initial&#8221; background_position=&#8221;top_left&#8221; background_repeat=&#8221;repeat&#8221; hover_enabled=&#8221;0&#8243; min_height=&#8221;378.3px&#8221; sticky_enabled=&#8221;0&#8243; custom_padding=&#8221;||3px|||&#8221;][et_pb_column type=&#8221;4_4&#8243; [&hellip;]<\/p>\n","protected":false},"author":1,"featured_media":0,"parent":0,"menu_order":0,"comment_status":"closed","ping_status":"closed","template":"","meta":{"_et_pb_use_builder":"on","_et_pb_old_content":"<!-- wp:paragraph -->\n<p>B\u00fcy\u00fck \u015fehrin kenar mahallelerinde b\u00fcy\u00fcm\u00fc\u015f ve su\u00e7la yo\u011frulmu\u015f bir adam \u2018SARI \u2019<\/p>\n<!-- \/wp:paragraph -->\n\n<!-- wp:paragraph -->\n<p>Kar\u0131s\u0131n\u0131 ve karn\u0131ndaki \u00e7ocu\u011funu vah\u015fi bir sald\u0131r\u0131da kaybettikten sonra t\u00fcm hayat\u0131n\u0131 intikam almaya adayan kendi halinde bir gen\u00e7 \u2018 \u00c7AYLAK \u2019<\/p>\n<!-- \/wp:paragraph -->\n\n<!-- wp:paragraph -->\n<p>SARI mahkumlar taraf\u0131ndan \u0131ss\u0131z bir ada \u00fcst\u00fcne yeni in\u015fa edilmekte olan hapishane in\u015faat\u0131nda \u00e7al\u0131\u015fmaktad\u0131r.<\/p>\n<!-- \/wp:paragraph -->\n\n<!-- wp:paragraph -->\n<p>Uzun y\u0131llard\u0131r hapiste olan SARI\u2019n\u0131n deyim yerindeyse beli \u00e7atlam\u0131\u015ft\u0131r kendini bu adadaki in\u015faata ald\u0131rabilmek i\u00e7in.<\/p>\n<!-- \/wp:paragraph -->\n\n<!-- wp:paragraph -->\n<p>SARI bir sabah uyand\u0131\u011f\u0131nda yan\u0131ndaki yatakta daha \u00f6nce hi\u00e7 g\u00f6rmedi\u011fi birini g\u00f6r\u00fcr.<\/p>\n<!-- \/wp:paragraph -->\n\n<!-- wp:paragraph -->\n<p>Bu adam \u00c7AYLAK\u2019tan ba\u015fkas\u0131 de\u011fildir.<\/p>\n<!-- \/wp:paragraph -->\n\n<!-- wp:paragraph -->\n<p>Mahkumlar\u0131 adadan g\u00f6t\u00fcren gemi de \u00e7oktan gitmi\u015ftir. G\u00f6r\u00fcnen o ki \u015fimdi bu adada onlardan ba\u015fka hi\u00e7 kimse yoktur.<\/p>\n<!-- \/wp:paragraph -->\n\n<!-- wp:paragraph -->\n<p>Peki \u015fimdi \u00c7AYLAK intikam almak i\u00e7in SARI\u2019ya benzeyecek midir?<\/p>\n<!-- \/wp:paragraph -->\n\n<!-- wp:paragraph -->\n<p>\u201c Birileri bar\u0131\u015f\u0131 ba\u015flatmal\u0131, t\u0131pk\u0131 sava\u015f\u0131 ba\u015flatt\u0131\u011f\u0131 gibi.\u201d Stefan Zweig<\/p>\n<!-- \/wp:paragraph -->\n\n<!-- wp:paragraph -->\n<p><\/p>\n<!-- \/wp:paragraph -->\n\n<!-- wp:paragraph {\"align\":\"center\"} -->\n<p class=\"has-text-align-center\"><strong>K\u00fcnye<\/strong><\/p>\n<!-- \/wp:paragraph -->\n\n<!-- wp:paragraph {\"align\":\"center\"} -->\n<p class=\"has-text-align-center\"><strong>Yazan &amp; Y\u00f6neten<\/strong><\/p>\n<!-- \/wp:paragraph -->\n\n<!-- wp:paragraph {\"align\":\"center\"} -->\n<p class=\"has-text-align-center\">Kayhan B\u0130NNETO\u011eLU<\/p>\n<!-- \/wp:paragraph -->\n\n<!-- wp:paragraph {\"align\":\"center\"} -->\n<p class=\"has-text-align-center\"><strong>OYUNCULAR<\/strong><\/p>\n<!-- \/wp:paragraph -->\n\n<!-- wp:paragraph {\"align\":\"center\"} -->\n<p class=\"has-text-align-center\">Kayhan Binneto\u011flu<\/p>\n<!-- \/wp:paragraph -->\n\n<!-- wp:paragraph {\"align\":\"center\"} -->\n<p class=\"has-text-align-center\">Sezgi G\u00dcLPINAR<\/p>\n<!-- \/wp:paragraph -->\n\n<!-- wp:paragraph {\"align\":\"center\"} -->\n<p class=\"has-text-align-center\"><strong>SAHNE VE KOST\u00dcM TASARIMI<\/strong><\/p>\n<!-- \/wp:paragraph -->\n\n<!-- wp:paragraph {\"align\":\"center\"} -->\n<p class=\"has-text-align-center\">Seda Balatekin<\/p>\n<!-- \/wp:paragraph -->\n\n<!-- wp:paragraph {\"align\":\"center\"} -->\n<p class=\"has-text-align-center\"><strong>M\u00dcZ\u0130K D\u0130REKT\u00d6R\u00dc<\/strong><\/p>\n<!-- \/wp:paragraph -->\n\n<!-- wp:paragraph {\"align\":\"center\"} -->\n<p class=\"has-text-align-center\">Do\u011fukan T\u00d6NGEL<\/p>\n<!-- \/wp:paragraph -->\n\n<!-- wp:paragraph {\"align\":\"center\"} -->\n<p class=\"has-text-align-center\"><strong>M\u00dcZ\u0130K D\u00dcZENLEME<\/strong><\/p>\n<!-- \/wp:paragraph -->\n\n<!-- wp:paragraph {\"align\":\"center\"} -->\n<p class=\"has-text-align-center\">Ufuk KARAKAVAK<\/p>\n<!-- \/wp:paragraph -->\n\n<!-- wp:paragraph {\"align\":\"center\"} -->\n<p class=\"has-text-align-center\"><strong>I\u015eIK TASARIMI<\/strong><\/p>\n<!-- \/wp:paragraph -->\n\n<!-- wp:paragraph {\"align\":\"center\"} -->\n<p class=\"has-text-align-center\">Taha D\u0130NLER<\/p>\n<!-- \/wp:paragraph -->\n\n<!-- wp:paragraph {\"align\":\"center\"} -->\n<p class=\"has-text-align-center\"><strong>YARDIMCI Y\u00d6NETMEN<\/strong><\/p>\n<!-- \/wp:paragraph -->\n\n<!-- wp:paragraph {\"align\":\"center\"} -->\n<p class=\"has-text-align-center\">Ayla KAB\u0130L<\/p>\n<!-- \/wp:paragraph -->\n\n<!-- wp:paragraph {\"align\":\"center\"} -->\n<p class=\"has-text-align-center\"><strong>PROD\u00dcKT\u00d6R<\/strong><\/p>\n<!-- \/wp:paragraph -->\n\n<!-- wp:paragraph {\"align\":\"center\"} -->\n<p class=\"has-text-align-center\">Fahrettin EREN D\u0130NLER<\/p>\n<!-- \/wp:paragraph -->\n\n<!-- wp:paragraph {\"align\":\"center\"} -->\n<p class=\"has-text-align-center\"><strong>F\u0130\u0130L 2022 \u00ae<\/strong><\/p>\n<!-- \/wp:paragraph -->","_et_gb_content_width":"","_EventAllDay":false,"_EventTimezone":"","_EventStartDate":"","_EventEndDate":"","_EventStartDateUTC":"","_EventEndDateUTC":"","_EventShowMap":false,"_EventShowMapLink":false,"_EventURL":"","_EventCost":"","_EventCostDescription":"","_EventCurrencySymbol":"","_EventCurrencyCode":"","_EventCurrencyPosition":"","_EventDateTimeSeparator":"","_EventTimeRangeSeparator":"","_EventOrganizerID":[],"_EventVenueID":[],"_OrganizerEmail":"","_OrganizerPhone":"","_OrganizerWebsite":"","_VenueAddress":"","_VenueCity":"","_VenueCountry":"","_VenueProvince":"","_VenueState":"","_VenueZip":"","_VenuePhone":"","_VenueURL":"","_VenueStateProvince":"","_VenueLat":"","_VenueLng":"","_VenueShowMap":false,"_VenueShowMapLink":false,"footnotes":""},"class_list":["post-50","page","type-page","status-publish","hentry"],"_links":{"self":[{"href":"https:\/\/www.fiil.com.tr\/index.php\/wp-json\/wp\/v2\/pages\/50","targetHints":{"allow":["GET"]}}],"collection":[{"href":"https:\/\/www.fiil.com.tr\/index.php\/wp-json\/wp\/v2\/pages"}],"about":[{"href":"https:\/\/www.fiil.com.tr\/index.php\/wp-json\/wp\/v2\/types\/page"}],"author":[{"embeddable":true,"href":"https:\/\/www.fiil.com.tr\/index.php\/wp-json\/wp\/v2\/users\/1"}],"replies":[{"embeddable":true,"href":"https:\/\/www.fiil.com.tr\/index.php\/wp-json\/wp\/v2\/comments?post=50"}],"version-history":[{"count":3,"href":"https:\/\/www.fiil.com.tr\/index.php\/wp-json\/wp\/v2\/pages\/50\/revisions"}],"predecessor-version":[{"id":171,"href":"https:\/\/www.fiil.com.tr\/index.php\/wp-json\/wp\/v2\/pages\/50\/revisions\/171"}],"wp:attachment":[{"href":"https:\/\/www.fiil.com.tr\/index.php\/wp-json\/wp\/v2\/media?parent=50"}],"curies":[{"name":"wp","href":"https:\/\/api.w.org\/{rel}","templated":true}]}}