{"id":65,"date":"2024-10-19T01:34:35","date_gmt":"2024-10-19T01:34:35","guid":{"rendered":"https:\/\/www.fiil.com.tr\/?page_id=65"},"modified":"2024-11-02T23:23:42","modified_gmt":"2024-11-02T23:23:42","slug":"daire-k","status":"publish","type":"page","link":"https:\/\/www.fiil.com.tr\/index.php\/daire-k\/","title":{"rendered":"Daire K."},"content":{"rendered":"<p>[et_pb_section fb_built=&#8221;1&#8243; _builder_version=&#8221;4.9.3&#8243; _module_preset=&#8221;default&#8221;][et_pb_row _builder_version=&#8221;4.9.3&#8243; _module_preset=&#8221;default&#8221; width=&#8221;75%&#8221; module_alignment=&#8221;center&#8221; custom_margin=&#8221;|auto||158px||&#8221;][et_pb_column type=&#8221;4_4&#8243; _builder_version=&#8221;4.9.3&#8243; _module_preset=&#8221;default&#8221;][et_pb_post_title meta=&#8221;off&#8221; featured_image=&#8221;off&#8221; _builder_version=&#8221;4.9.3&#8243; _module_preset=&#8221;default&#8221; title_text_color=&#8221;#d6001c&#8221;][\/et_pb_post_title][et_pb_text _builder_version=&#8221;4.9.3&#8243; _module_preset=&#8221;default&#8221; width=&#8221;97.4%&#8221;]<\/p>\n<p style=\"text-align: justify;\">Bu adam okumay\u0131, \u00e7ay i\u00e7meyi ve hi\u00e7bir \u015fey yapmadan \u00f6ylece durmay\u0131 \u00e7ok severdi. Ancak<br \/>yaln\u0131zl\u0131\u011f\u0131 sevmesinin yan\u0131nda t\u00fcm bunlar\u0131n laf\u0131 bile olmazd\u0131. Ya\u015fad\u0131\u011f\u0131 yer ve zaman belirsizdi.<br \/>\u00c7\u00fcnk\u00fc bunu bilmek ile bilmemek aras\u0131nda hi\u00e7bir fark yoktu.<\/p>\n<p style=\"text-align: justify;\">\u0130nsan var oldu\u011fundan beri ayn\u0131d\u0131r.<\/p>\n<p style=\"text-align: justify;\">As\u0131rlar \u00f6nce de benzer \u015feylere g\u00fcl\u00fcyor veya a\u011fl\u0131yor, benzer \u015feyler i\u00e7in sinirleniyorduk. \u0130nsan\u0131n elindeki imkanlar de\u011fi\u015fse de duygu bi\u00e7imleri \u00e7ok de\u011fi\u015fmiyordu. Tarih<br \/>tekerr\u00fcrden ibaretti. S\u00fcrekli ayn\u0131 \u015feyler olup duruyordu. Maddenin i\u00e7indeki atomlar gibi s\u00fcrekli bir yerlerde d\u00f6n\u00fcp duruyordu insan.<\/p>\n<p style=\"text-align: justify;\">B\u00f6yle d\u00fc\u015f\u00fcnd\u00fc\u011f\u00fc i\u00e7in zamanla s\u0131k\u0131ld\u0131 bu adam.<\/p>\n<p style=\"text-align: justify;\">Ve bir g\u00fcn akl\u0131na aniden \u015fu soru geldi. &#8220;Ben neden var\u0131m?!&#8221;<\/p>\n<p style=\"text-align: justify;\">Daire K oyunu, Kayhan Binneto\u011flu taraf\u0131ndan yaz\u0131lm\u0131\u015f, tek ki\u015filik, postmodern bir tiyatro<br \/>oyunudur.<\/p>\n<p style=\"text-align: justify;\">Oyun g\u00fcn\u00fcm\u00fczde k\u00fcreselle\u015fme, teknolojik geli\u015fmeler ve materyalizm etkisi alt\u0131nda kalan modern insan\u0131n trajedisini konu almaktad\u0131r.<\/p>\n<p>[\/et_pb_text][\/et_pb_column][\/et_pb_row][et_pb_row _builder_version=&#8221;4.9.3&#8243; _module_preset=&#8221;default&#8221; width=&#8221;75%&#8221;][et_pb_column type=&#8221;4_4&#8243; _builder_version=&#8221;4.9.3&#8243; _module_preset=&#8221;default&#8221;][et_pb_gallery gallery_ids=&#8221;178,179,177,176&#8243; fullwidth=&#8221;on&#8221; _builder_version=&#8221;4.9.3&#8243; _module_preset=&#8221;default&#8221; width=&#8221;100%&#8221; animation_style=&#8221;fade&#8221; auto=&#8221;on&#8221; auto_speed=&#8221;2500&#8243;][\/et_pb_gallery][\/et_pb_column][\/et_pb_row][et_pb_row _builder_version=&#8221;4.9.3&#8243; _module_preset=&#8221;default&#8221;][et_pb_column type=&#8221;4_4&#8243; _builder_version=&#8221;4.9.3&#8243; _module_preset=&#8221;default&#8221;][et_pb_text _builder_version=&#8221;4.9.3&#8243; _module_preset=&#8221;default&#8221;]<\/p>\n<p style=\"text-align: center;\"><strong>K\u00dcNYE<\/strong><\/p>\n<p style=\"text-align: center;\">TEK PERDE<\/p>\n<p style=\"text-align: center;\">DRAM<strong><\/strong><\/p>\n<p style=\"text-align: center;\">70&#8242;<\/p>\n<p style=\"text-align: center;\"><strong>Yazan \u00a0<\/strong><\/p>\n<p style=\"text-align: center;\">Kayhan B\u0130NNETO\u011eLU<br \/><strong><\/strong><\/p>\n<p style=\"text-align: center;\"><strong>Y\u00f6neten<\/strong><\/p>\n<p style=\"text-align: center;\">Kayhan B\u0130NNETO\u011eLU<\/p>\n<p style=\"text-align: center;\"><strong><\/strong><\/p>\n<p style=\"text-align: center;\"><strong>Oynayan<\/strong><\/p>\n<p style=\"text-align: center;\">Fahrettin EREN D\u0130NLER<\/p>\n<p style=\"text-align: center;\"><strong>Dekor ve Kost\u00fcm Tasar\u0131m\u0131<\/strong><\/p>\n<p style=\"text-align: center;\">Serhat \u00dcST\u00dcNDA\u011e<\/p>\n<p style=\"text-align: center;\"><strong>I\u015f\u0131k Tasar\u0131m\u0131<\/strong><\/p>\n<p style=\"text-align: center;\">Taha D\u0130NLER<br \/><strong><\/strong><\/p>\n<p style=\"text-align: center;\"><strong>M\u00fczik<\/strong><\/p>\n<p style=\"text-align: center;\">MUK STUDIO<br \/><strong><\/strong><\/p>\n<p style=\"text-align: center;\"><strong>Foto\u011fraf ve Video<\/strong><\/p>\n<p style=\"text-align: center;\">Kutay \u015eAH\u0130N<br \/><strong><\/strong><\/p>\n<p style=\"text-align: center;\"><strong>Prod\u00fckt\u00f6r<\/strong><\/p>\n<p style=\"text-align: center;\">Fahrettin Eren D\u0130NLER<\/p>\n<p style=\"text-align: center;\"><strong>F\u0130\u0130L SANAT 2022-2023 \u00ae<\/strong><\/p>\n<p>[\/et_pb_text][\/et_pb_column][\/et_pb_row][\/et_pb_section]<\/p>\n","protected":false},"excerpt":{"rendered":"<p>[et_pb_section fb_built=&#8221;1&#8243; _builder_version=&#8221;4.9.3&#8243; _module_preset=&#8221;default&#8221;][et_pb_row _builder_version=&#8221;4.9.3&#8243; _module_preset=&#8221;default&#8221; width=&#8221;75%&#8221; module_alignment=&#8221;center&#8221; custom_margin=&#8221;|auto||158px||&#8221;][et_pb_column type=&#8221;4_4&#8243; _builder_version=&#8221;4.9.3&#8243; _module_preset=&#8221;default&#8221;][et_pb_post_title meta=&#8221;off&#8221; featured_image=&#8221;off&#8221; _builder_version=&#8221;4.9.3&#8243; _module_preset=&#8221;default&#8221; title_text_color=&#8221;#d6001c&#8221;][\/et_pb_post_title][et_pb_text _builder_version=&#8221;4.9.3&#8243; _module_preset=&#8221;default&#8221; width=&#8221;97.4%&#8221;] Bu adam okumay\u0131, \u00e7ay i\u00e7meyi ve hi\u00e7bir \u015fey yapmadan \u00f6ylece [&hellip;]<\/p>\n","protected":false},"author":1,"featured_media":0,"parent":0,"menu_order":0,"comment_status":"closed","ping_status":"closed","template":"","meta":{"_et_pb_use_builder":"on","_et_pb_old_content":"","_et_gb_content_width":"","_EventAllDay":false,"_EventTimezone":"","_EventStartDate":"","_EventEndDate":"","_EventStartDateUTC":"","_EventEndDateUTC":"","_EventShowMap":false,"_EventShowMapLink":false,"_EventURL":"","_EventCost":"","_EventCostDescription":"","_EventCurrencySymbol":"","_EventCurrencyCode":"","_EventCurrencyPosition":"","_EventDateTimeSeparator":"","_EventTimeRangeSeparator":"","_EventOrganizerID":[],"_EventVenueID":[],"_OrganizerEmail":"","_OrganizerPhone":"","_OrganizerWebsite":"","_VenueAddress":"","_VenueCity":"","_VenueCountry":"","_VenueProvince":"","_VenueState":"","_VenueZip":"","_VenuePhone":"","_VenueURL":"","_VenueStateProvince":"","_VenueLat":"","_VenueLng":"","_VenueShowMap":false,"_VenueShowMapLink":false,"footnotes":""},"class_list":["post-65","page","type-page","status-publish","hentry"],"_links":{"self":[{"href":"https:\/\/www.fiil.com.tr\/index.php\/wp-json\/wp\/v2\/pages\/65","targetHints":{"allow":["GET"]}}],"collection":[{"href":"https:\/\/www.fiil.com.tr\/index.php\/wp-json\/wp\/v2\/pages"}],"about":[{"href":"https:\/\/www.fiil.com.tr\/index.php\/wp-json\/wp\/v2\/types\/page"}],"author":[{"embeddable":true,"href":"https:\/\/www.fiil.com.tr\/index.php\/wp-json\/wp\/v2\/users\/1"}],"replies":[{"embeddable":true,"href":"https:\/\/www.fiil.com.tr\/index.php\/wp-json\/wp\/v2\/comments?post=65"}],"version-history":[{"count":9,"href":"https:\/\/www.fiil.com.tr\/index.php\/wp-json\/wp\/v2\/pages\/65\/revisions"}],"predecessor-version":[{"id":201,"href":"https:\/\/www.fiil.com.tr\/index.php\/wp-json\/wp\/v2\/pages\/65\/revisions\/201"}],"wp:attachment":[{"href":"https:\/\/www.fiil.com.tr\/index.php\/wp-json\/wp\/v2\/media?parent=65"}],"curies":[{"name":"wp","href":"https:\/\/api.w.org\/{rel}","templated":true}]}}